te number?
True
Let m(a) be the first derivative of 11*a**2/2 - 13*a + 2. Let l(w) = w**2 + 3*w + 2. Let j be l(-4). Is m(j) a composite number?
False
Let z(a) = -45 + 26*a + 23*a - 20*a + 47. Let v be z(3). Let m = v + -10. Is m a composite number?
False
Suppose 15 - 7 = 2*a. Let d(z) = a - 9 - 2*z + 4*z. Is d(6) composite?
False
Let k(h) = -2*h**2 - 7*h + 6. Let m be k(-5). Let z be -2*9/6 + m. Is ((-22)/3)/(z/522) a composite number?
True
Let t = -137 + 7. Let f = -57 - t. Suppose 5*b - f = 2*d, -2 = 2*b - 2*d - 30. Is b prime?
False
Suppose -27 = -o - o + 5*h, -h = -o + 6. Is (o - (-44)/(-28)) + (-2853)/(-7) a prime number?
False
Suppose 0 = -3*j - 0*j. Suppose j = -5*l + 5*t + 230 + 55, 4*l + 2*t - 252 = 0. Suppose 5*n - 3*z = l, 3*n - 37 = 5*z - 3*z. Is n composite?
False
Suppose 5*u + 17 = -z + 180, 4*u + 2*z - 134 = 0. Suppose 335 = u*s - 27*s. Is s a prime number?
True
Suppose 0 = -2*f + f + 4441. Let x = f + -2496. Is x a prime number?
False
Let f(j) = 2*j**2 + 2*j + 2. Let t be f(-2). Let l be (3 - t) + 597/(-3). Let z = l - -413. Is z a prime number?
True
Suppose 0 = -w - 2*a - 1018 + 8677, 0 = -4*w + 3*a + 30691. Is w a prime number?
True
Suppose 4*t + 4*s = s - 13470, 3377 = -t + 4*s. Is (t/(-27) - -2) + 14/63 composite?
False
Is ((-228)/24)/(-19)*17482 a prime number?
True
Suppose -4*i + 2*i - 5*d = -39, -2*i + 9 = -d. Suppose s = -i*n + 4*n + 1682, n - 5022 = -3*s. Is s a composite number?
True
Let l = 82 - 75. Suppose -t + l*t = 1884. Is t a prime number?
False
Let l = -74 - -108. Let v = l + -32. Suppose 536 = 3*a - v*g - 177, 2*a - 450 = -5*g. Is a a composite number?
True
Let y = 10 - 8. Suppose 0 = y*f + 2 - 12. Suppose f*h - h - 316 = 0. Is h a composite number?
False
Let m = 482 + -237. Suppose -4 = -4*k, 4*k + 275 = 4*s - m. Is s a composite number?
False
Let b be ((-7)/14)/(2/(-8)). Suppose -288 = -b*h - 2*v, 2*h - 7*v - 263 = -4*v. Is h composite?
False
Let y be 12/5 - 2/5. Let d(l) = y*l - 2*l + 210*l**3 - 2*l**2 + 3*l**2. Is d(1) composite?
False
Let c(g) = 42*g**2 - 2*g + 25. Is c(-14) prime?
False
Is (-39)/117 - 95260/(-3) a prime number?
False
Suppose -811*n - 563662 = -833*n. Is n composite?
False
Let l = 3390 + -1991. Is l composite?
False
Is (2*-7686)/(-6) + -1 + -4 prime?
True
Let k = -12498 - -23555. Is k a prime number?
True
Let c(n) = -3095*n + 7. Is c(-2) composite?
False
Suppose c - 26071 = -4*a + 22976, -2*a + c = -24531. Is a prime?
True
Suppose 16*o = 9*o + 35. Suppose -2*n + 3443 = 4*y - o*n, -3*y + 2*n = -2583. Is y a prime number?
True
Suppose -3*t = -4*t. Suppose t = 4*y - 4487 - 1065. Suppose -2*d = 2*d - y. Is d a prime number?
True
Let w(c) = -c**3 - 2*c**2 - c + 1. Let b = 6 - 8. Let z be w(b). Suppose -x = -4*x + z*h + 198, -204 = -3*x - 3*h. Is x composite?
False
Let y = 10 - -2. Let b(w) = w**2 - 12*w + 3. Let p be b(y). Suppose 0 = -3*f + o + 1110, -p*f + 4*o = -327 - 774. Is f a composite number?
True
Let w(u) = 14 - 155*u - 81*u + 43*u. Let t be w(-6). Suppose -2*o + t = -x, 3*x + 1172 = 2*o - x. Is o composite?
True
Suppose -6*a + 4*o - 73988 = -10*a, -5*a = 2*o - 92491. Is a a composite number?
True
Is ((-3)/((-15)/8542))/(22/55) a prime number?
True
Suppose t - 301 + 74 = 0. Let c = t - 64. Is c prime?
True
Suppose 2*l + 8834 = 5*k, 5*l - 3*k + 4935 + 17150 = 0. Is (l/28)/((-1)/4) a composite number?
False
Suppose 0 = 55*w - 105735 - 253580. Is w prime?
False
Is ((-57)/(-4) - 14) + 33987/4 prime?
False
Let r = 479 - -5184. Is r prime?
False
Let f = 16 + -14. Let w(k) = 1 + f*k + 4*k - 4*k - 4*k + 156*k**3 + 2*k**2. Is w(1) a composite number?
False
Suppose -3*j - 841 = 5*u - 7569, 3*j = u - 1342. Is u a composite number?
True
Let r = 36510 - 13778. Suppose 0*i - r = -4*i. Is i composite?
False
Suppose -f + 2*f = 0. Let n be ((-12)/(-8) + -2)*f. Suppose 2*t - t - 4*y - 259 = n, t + 4*y = 243. Is t a prime number?
True
Suppose 28000 = 5*x + 2295. Is x prime?
False
Let s = -402 - 65. Let u = -301 - s. Suppose r + r - u = 0. Is r prime?
True
Suppose 0 = -p + 5*p - 284. Suppose y - 714 = -p. Suppose 2*n = a + 599, 3*n - y - 252 = -2*a. Is n a prime number?
False
Suppose 2*t + 7 + 17 = 0. Is ((-4276)/6)/(8/t) a composite number?
False
Suppose 0 = 4*k + 5*t - 7*t - 33936, -k + 8477 = -4*t. Is k a prime number?
False
Let d(q) = 6*q**3 + 26*q**2 + 16*q - 27. Is d(12) a prime number?
False
Suppose -83 + 287 = -2*p. Let q = 229 + p. Is q composite?
False
Let b be 4/2 - (0 + 3). Is 1631 + 12/(-6)*(0 + b) a composite number?
True
Let u(v) = v**2 - v. Let a be u(3). Let c be a/(-9)*36/8. Let q(i) = -110*i + 7. Is q(c) prime?
True
Let k be ((-1)/2)/(4/56). Let r = 7 + k. Suppose r = y + 2*l - 81, -l = -2*y + 4*l + 171. Is y a composite number?
False
Suppose 0 = -4*v - 2*u + 59840, 2*v + 5*u - 15602 - 14310 = 0. Is v a composite number?
True
Let f(x) = -x**3 - x**2 + 1. Let t(w) = -5*w**3 + 6*w**2 + 8. Let r(p) = -4*f(p) + t(p). Let c be r(7). Suppose 4*z - 61 = c. Is z composite?
False
Suppose 0 = 3*n - n + 4*i - 46, i - 88 = -5*n. Is ((-251)/2)/(n/(-34)) a prime number?
True
Let j(b) = -11*b - 14*b + 5*b**3 + 13 - 4*b**3 + 11*b + 29*b**2. Is j(-13) a composite number?
True
Let j = -43988 - -62840. Suppose 13*z = z + j. Is z a prime number?
True
Let d be 30/9 + (-4)/(-6). Suppose 4*f + 16 = 0, 35 + 61 = -4*q + d*f. Is (-6 - q)*6/4 prime?
False
Suppose 2*q = -0*q + 3*o - 3686, q + 2*o + 1843 = 0. Let z = 130 - q. Is z composite?
False
Is 7/(-7) - -8 - -29596 prime?
False
Suppose 5*z = 4*r - 1218, 2*z - 239 - 59 = -r. Is r prime?
False
Is 521 + 28/98 + 30/(-7) a composite number?
True
Suppose 0 = -4*p - 20, 2*p - 3*p + 94 = h. Let c = -10 + h. Suppose c = 5*y + 3*r, -y + 3*r + 63 = 2*y. Is y prime?
True
Let d(c) = c**3 + 4*c**2 - 2*c - 3. Let l be d(-4). Suppose l*q = 334 - 39. Is q a prime number?
True
Let d = 84 - 149. Is 13 + -9 + (2 - d) prime?
True
Let o(u) be the second derivative of -u**8/6720 + u**7/840 + 11*u**5/120 + u**4/12 + 9*u. Let b(h) be the third derivative of o(h). Is b(-5) a prime number?
True
Let c(i) be the first derivative of -7*i + 15/2*i**2 + 3. Is c(2) a prime number?
True
Let q(g) = 3*g**3 + 3*g**2 + 2*g + 4303. Is q(0) prime?
False
Let h be (2 - 1)*-1*(-53 + 46). Let t(c) = 11*c**3 + 3*c**2 - 15*c + 34. Is t(h) prime?
False
Let h(i) = i + 2. Let d be h(-2). Suppose 4*b - 7 - 5 = d. Suppose s = 4*m - b*s - 952, -2*s - 1175 = -5*m. Is m a composite number?
False
Let o(t) = t**2 + 12*t - 10. Let w be o(-14). Suppose -6*m + 0*m + w = 0. Suppose -2*b + m*a + 2000 = 0, -a - 3 = -1. Is b a prime number?
True
Let k = 19 + -21. Is k + -2*1068/(-8) a composite number?
True
Let k(j) = 3664*j - 75. Is k(16) a prime number?
True
Let z = 33 + -28. Suppose 4*q = z*q - 143. Is q prime?
False
Suppose 0 = -2*t + 5*t, 0 = 2*v - 3*t - 18598. Is v composite?
True
Suppose -2*b - 20 - 38 = 0. Let a = b - -472. Is a a prime number?
True
Let h = 1322 + -919. Let r = h - -123. Is r a prime number?
False
Let i(v) = -v**2 + v + 59. Let t(r) = -r**2 - 10*r + 1. Let n be t(-10). Suppose -4*f = 2*w + 6, -3*f - w - 2 = n. Is i(f) a composite number?
False
Let s(z) = -307*z - 48. Is s(-17) prime?
True
Suppose 0 = -y - 25*r + 28*r + 7615, -2*y + 5*r = -15230. Is y a composite number?
True
Suppose -i - 101 = -100, -3*c + 2*i = -15785. Is c prime?
True
Let a be (1*8)/((-8)/28). Let m be (-2)/8 + (-7)/a. Suppose m*x - 3 = x, -2*v = 4*x - 1118. Is v composite?
True
Let u = -4121 + -6961. Let m = -421 - u. Is m composite?
True
Let x be 1/((-3)/36) + 14/(-7). Let n(f) = f**2 + 7. Is n(x) composite?
True
Suppose 3*z + 6 = 12. Let v(q) = 8*q**2 + 2*q + 3. Let h be v(-7). Suppose -z*o - h = -5*o. Is o composite?
False
Is (-2046586)/(-230) - (-8)/10 a composite number?
True
Let x(o) = 157*o - 12. Let d = 17 + -12. Let w be x(d). Suppose 774 = 2*l - 4*s, -2*l = 4*s - 9*s - w. Is l prime?
True
Let o be 2*(0 - 2) + 19. Suppose 2*a + 5*g = 561, -2*g = g + o. Is a prime?
True
Let s = 14 + -10. Suppose s*g = 5*c - 5819, -2*c - 2*g = -3*c + 1159. Is c a prime number?
False
Suppose 581 = 3*o - 1084. Suppose -3*q + 3*b + 48 = 0, -12 - 4 = -3*q - 5*b. Suppose -o = 9*g - q*g. Is g a prime number?
False
Let s(y) = y**3 + y**2 + y. Let d(q) = -4*q**3 - 23*q**2 - 10*q - 15. Let f(n) = -d(n) - 3*s(n). Is f(-17) a composite numb